 greatest common factor of 939052 and 26536?
124
What is the greatest common factor of 618915918 and 114?
114
Calculate the greatest common factor of 3206 and 5519129.
1603
What is the greatest common divisor of 807710 and 37760?
590
Calculate the highest common factor of 2514094 and 176.
22
Calculate the greatest common factor of 48 and 62260620.
12
Calculate the highest common divisor of 3218006 and 418.
22
What is the highest common factor of 11232 and 336736?
32
What is the highest common factor of 550848 and 2292?
12
What is the greatest common divisor of 24428690 and 130?
130
What is the highest common factor of 420 and 11858455?
35
Calculate the highest common divisor of 54530 and 69901.
19
What is the highest common factor of 412941832 and 17?
17
What is the highest common divisor of 101064570 and 1374?
1374
What is the greatest common divisor of 754724 and 8812?
4
What is the highest common factor of 259191443 and 4354?
2177
Calculate the greatest common divisor of 166309 and 15301.
143
Calculate the greatest common divisor of 158641 and 220402.
1211
What is the greatest common factor of 19 and 56554469?
19
What is the highest common divisor of 6398462 and 186?
62
What is the greatest common factor of 146415468 and 265?
53
Calculate the greatest common factor of 3317060 and 184.
92
What is the greatest common divisor of 1771224 and 93576?
168
What is the highest common divisor of 30052 and 68?
4
What is the highest common divisor of 253270 and 21571939?
1333
Calculate the highest common factor of 4592 and 831767.
41
Calculate the highest common factor of 1279260 and 3540.
60
What is the highest common divisor of 365688 and 792?
72
What is the highest common factor of 520 and 95613232?
104
Calculate the greatest common factor of 29925 and 367325.
175
Calculate the highest common divisor of 2886906 and 3982.
22
Calculate the greatest common factor of 5484686 and 10.
2
What is the highest common divisor of 231336601 and 31?
31
Calculate the greatest common factor of 7666 and 113714.
2
Calculate the highest common divisor of 1256 and 19991438.
314
Calculate the highest common factor of 31058127 and 81.
27
What is the highest common factor of 270 and 2505876480?
270
What is the greatest common factor of 684 and 14536908?
36
What is the greatest common divisor of 175 and 58556855?
35
What is the highest common divisor of 1960 and 2834536?
8
Calculate the greatest common factor of 20578107 and 120208.
7513
Calculate the greatest common factor of 306 and 2971090.
34
What is the greatest common factor of 11580804 and 342?
342
Calculate the highest common factor of 4034802 and 418.
38
What is the highest common divisor of 76987 and 205243?
167
What is the highest common divisor of 385024 and 21949?
47
What is the greatest common divisor of 1337013 and 144693?
621
What is the greatest common divisor of 66 and 89599686?
66
Calculate the greatest common divisor of 19392243 and 31096.
3887
Calculate the greatest common factor of 9 and 385663023.
9
What is the greatest common factor of 7365 and 260475?
15
Calculate the greatest common divisor of 2830 and 69210.
10
What is the highest common factor of 562 and 51368767?
281
What is the greatest common divisor of 18637560 and 80?
40
Calculate the greatest common factor of 1092 and 5160792.
1092
Calculate the greatest common factor of 19366148 and 15888.
1324
What is the greatest common divisor of 158373 and 4095?
9
What is the greatest common divisor of 3618 and 3546243?
603
Calculate the highest common divisor of 918720 and 12870.
990
Calculate the highest common factor of 20286490 and 490.
490
Calculate the greatest common factor of 22985916 and 26096.
932
Calculate the highest common factor of 184140 and 7185.
15
Calculate the greatest common divisor of 25935 and 19045.
65
What is the greatest common divisor of 202 and 155426?
2
Calculate the highest common divisor of 15 and 6951855.
15
Calculate the highest common divisor of 5873939796 and 7724.
7724
Calculate the greatest common divisor of 630 and 5446960.
10
What is the highest common factor of 420 and 1829180?
20
Calculate the greatest common divisor of 17010 and 5427810.
810
What is the highest common divisor of 153897828 and 3332?
196
Calculate the greatest common divisor of 20270 and 517764718.
4054
What is the greatest common factor of 1830 and 48982390?
610
Calculate the greatest common divisor of 48 and 13989616.
16
Calculate the highest common divisor of 51 and 231426406.
17
Calculate the highest common divisor of 410 and 1146400.
10
Calculate the greatest common factor of 14091502 and 76.
38
What is the highest common factor of 3849978 and 6534?
726
What is the greatest common factor of 516 and 20014737?
129
Calculate the highest common factor of 20007612 and 1188.
36
What is the greatest common divisor of 36292169 and 146?
73
What is the highest common divisor of 127854 and 10026?
18
Calculate the greatest common factor of 9622 and 334679.
17
Calculate the highest common divisor of 516 and 18508834.
86
What is the highest common factor of 130 and 1342752?
2
What is the greatest common factor of 10521 and 1738212?
21
What is the highest common divisor of 14319 and 158412?
129
Calculate the greatest common divisor of 656917777 and 823.
823
What is the highest common factor of 71 and 321257?
1
What is the greatest common divisor of 214332 and 15636?
12
What is the highest common divisor of 58487 and 6626191?
143
Calculate the highest common factor of 14099 and 839431.
23
What is the highest common factor of 882060 and 91830?
30
Calculate the greatest common divisor of 4625913 and 713.
31
What is the highest common factor of 168 and 23635976?
56
What is the highest common factor of 1225860 and 33?
3
What is the greatest common factor of 135529 and 70146?
433
What is the greatest common factor of 138591 and 2142?
9
What is the greatest common factor of 1076 and 3785287838?
538
What is the greatest common factor of 3944255 and 2199120?
4165
What is the highest common divisor of 52 and 35316788?
52
What is the highest common factor of 1928343 and 7?
1
Calculate the greatest common divisor of 523513144 and 7256.
7256
Calculate the highest common divisor of 2970 and 135597990.
330
Calculate the greatest common factor of 331487 and 52.
13
Calculate the highest common divisor of 721 and 264747.
7
What is the greatest common divisor of 27635 and 1750?
5
What is the greatest common divisor of 2389655 and 201480?
365
What is the greatest common factor of 10 and 30763310?
10
What is the greatest common divisor of 27290294 and 172?
86
What is the highest common factor of 11055033 and 1485?
99
What is the greatest common factor of 18424 and 3180208?
376
What is the greatest common divisor of 4431522 and 456?
114
What is the highest common factor of 984238 and 1392947?
8341
What is the highest common divisor of 55011858 and 88?
22
What is the highest common divisor of 11692599 and 1724?
431
Calculate the highest common divisor of 8787895 and 119.
17
What is the highest common divisor of 314730 and 1512587?
269
What is the highest common divisor of 1339 and 275691?
13
What is the highest common divisor of 463980 and 2331148?
2812
Calculate the highest common divisor of 2790 and 34608710.
310
Calculate the highest common factor of 7082396 and 879.
293
Calculate the greatest common factor of 26905144 and 35.
7
What is the greatest common factor of 34088352 and 3?
3
What is the highest common factor of 39959127 and 158457?
9321
What is the highest common factor of 3342988 and 11308?
44
What is the greatest common divisor of 16 and 46008440?
8
Calculate the highest common divisor of 26854305 and 21624.
2703
What is the highest common factor of 221993521 and 16878?
2813
Calculate the highest common factor of 1662 and 737544.
6
Calculate the highest common factor of 4567392 and 16.
16
What is the highest common divisor of 222360 and 66817?
109
What is the highest common divisor of 33117 and 940737?
21
What is the highest common factor of 9575 and 5855?
5
Calculate the highest common divisor of 210 and 332849230.
70
Calculate the greatest common divisor of 33113115 and 1260.
315
Calculate the greatest common divisor of 1771519 and 1088.
17
Calculate the hig